5*a, -5*i - 17 = -a. What is the tens digit of a?
2
Suppose 4*r - 1 = 4*m - 17, -3*m + 4*r = -17. Let p be 0/(m/((-3)/6)). Suppose p*w = 5*w - 10. What is the units digit of w?
2
Suppose -2*r + 222 + 210 = 0. What is the tens digit of r?
1
Let a be (-6)/9*(-156)/(-8). Let c(o) = 2*o + 4. Let z be c(-3). Let f = z - a. What is the tens digit of f?
1
Let d(f) = f**3 - 2*f**2 + 4*f - 3. Let h be d(2). Let z = 4 + -6. What is the units digit of h + 0 + -3 - z?
4
Let c = 2 - 2. Suppose -2*p + c + 28 = 0. What is the units digit of p?
4
What is the tens digit of 3 - 2*(-37)/2?
4
Suppose 2*p - 70 + 10 = 0. Let v = p - 51. Let h = 29 + v. What is the units digit of h?
8
Let y be -22 - (3/3 - -2). Let q = -48 - y. Let z = 36 + q. What is the tens digit of z?
1
Let q(b) = 2*b + 5. Let t be q(6). Suppose -t = -3*n + 2*n - d, 0 = -n - 5*d + 37. What is the units digit of n?
2
Let o be (-12)/(-5)*(-40)/(-16). Suppose o = -g - 2*r, -4*r - 10 - 6 = 0. What is the units digit of g?
2
Let n(m) be the third derivative of m**5/40 - m**4/3 + m**3/3 + 3*m**2. Let s(d) be the first derivative of n(d). What is the tens digit of s(8)?
1
Let c be (0 + 6)/(2 + -1). Let n(m) = 18*m**2 - 2 - 19*m**2 - 2 + 6 + 7*m. What is the units digit of n(c)?
8
Suppose -3*n + 9 = -0*n + 3*g, -23 = -5*n + 3*g. Suppose -2*p - 40 = -2*t + 4*t, -60 = n*p - t. What is the units digit of (28/p)/((-1)/4)?
7
Let j = -6 + 5. Let n = j - 1. What is the units digit of (-6*1)/(-3) - n?
4
Suppose 2 = -2*q + 6. Suppose q*b = b + 17. What is the units digit of b?
7
Let v = 70 + -24. Suppose 164 - v = 2*p. Suppose 5*a + u = 7*a - 23, 4*u = 5*a - p. What is the tens digit of a?
1
Suppose 2 = -2*k + 3*k. Let z(m) = m**3 - m**2 - m + 1. What is the units digit of z(k)?
3
Suppose 0*z + 3 = z - x, 2*x = 0. What is the units digit of z?
3
Let j(d) = -d + 5. Let f be j(-4). Let o = f - -3. Suppose h + h = o. What is the units digit of h?
6
Let u = -51 - -92. Suppose 3*j - 2*v = u, -5*v = -5*j + 79 - 4. What is the tens digit of j?
1
What is the units digit of 3/(-3 + 1 - 889/(-434))?
2
Let x be (-4)/(-10) + (-791)/(-35). Suppose -2*q = -x - 13. What is the tens digit of q + 3/(9/(-3))?
1
Let i be 5 + (0/(-2) - 3). Suppose 0 = i*l - l - 10. What is the tens digit of l?
1
Let z(u) = -u + 14. What is the units digit of z(11)?
3
Let s(g) = -g**3 - 3*g**2 - g - 7. What is the units digit of s(-5)?
8
Suppose 2*h = 2*v - 90, 2*v - 110 + 0 = -2*h. What is the tens digit of v?
5
Suppose 4*k - 18 = 7*k. Let b(n) = -5 - 9 + 5 - n - n. What is the units digit of b(k)?
3
Let a = 2 + 5. What is the units digit of a?
7
Suppose -3*b - 2*q = 58, -4*b - 4*q - 73 = -1. Let h = b + 27. What is the units digit of h?
5
Let t(m) = 2*m**3 - 7*m**2 + 3*m + 2. Let f(o) = -o**2 + o. Let w(g) = -6*f(g) + t(g). What is the units digit of w(2)?
8
Suppose -5*a + 2*v = 39 + 108, 3*a = -5*v - 82. Let r = a - -43. What is the units digit of r?
4
Suppose 0 = 4*y + x + 3, -2*y - 2 - 13 = 5*x. Let i(l) = -l + 9. What is the units digit of i(y)?
9
Let m = -1 + 2. What is the units digit of m?
1
Let k(r) be the second derivative of -r**4/12 + 11*r**3/6 - 5*r**2/2 + 4*r. What is the units digit of k(10)?
5
Suppose 0 = -5*d - 4*u + 373, u = 6*u + 15. What is the units digit of d?
7
Suppose -3*w - 126 = -5*w. Suppose -4*n + 42 = -2*u, -3*u + 6*n - w = 3*n. What is the units digit of (-216)/u + 6/(-21)?
0
What is the units digit of 18 + (2 - -1 - 5)?
6
Let m be -6*(-1 - 15/(-9)). Let z be ((-6)/m)/((-3)/(-8)). Suppose -z*j + 11 = 3. What is the units digit of j?
2
Suppose m = -0*m. Let o(n) = 3*n**3 + n - 2*n**3 + 5 - 2*n**3 + n**2. What is the units digit of o(m)?
5
Let s(n) = n**3 + 5*n**2 - 2*n + 5. Let k be -1*(-3)/(-2)*4. Let t be s(k). Let o = -12 - t. What is the units digit of o?
7
Suppose -2*v + 115 + 41 = 0. What is the units digit of v?
8
Let n = -4 - -8. Suppose 2 = 3*g + 5*a - 28, -n*a = -12. What is the units digit of g?
5
Suppose -3*d = 4*v + 10, 3*d - 2*d + 10 = -3*v. Let x be (-10)/(-6)*(d + -8). What is the units digit of x/(-4)*(-2 - -4)?
5
Suppose 3*w - 230 = -2*w. What is the units digit of w?
6
Suppose 0*j = -3*j - 9. Let u = 0 - j. Suppose 5*y = 5, -u*y = -f - 3*f + 13. What is the units digit of f?
4
Let c = -36 + 74. What is the units digit of c?
8
Suppose 0 = -h - 2*u + 6, -h + 9 = u + 1. What is the units digit of h?
0
Suppose -220 + 55 = -3*u. What is the units digit of u?
5
Suppose 4*p = 2*p + 178. What is the tens digit of p?
8
Let z = -92 - -129. Suppose -v = -0*v - z. What is the tens digit of v?
3
Suppose d + 145 = 3*r, -r + 2*d - 4*d = -53. What is the tens digit of r?
4
Let z(a) = a**2 - a - 1. What is the tens digit of z(-3)?
1
Let l be 1 - (1 + -1 + 0). Let w(h) = h - 1. Let z be w(1). Let v = l - z. What is the units digit of v?
1
Suppose -k = -6 + 2. Suppose -50 = -6*u + 28. Suppose -u = -f + k*y, f + 2*f - 5*y = 25. What is the units digit of f?
5
Let t(l) = -l**3 - 2*l**2 + 4*l + 3. Let y be t(-3). Let o be (y - 6/(-3)) + -3. What is the units digit of 7 + (1 - (o - -2))?
7
Suppose 0 = 5*p - 29 + 9. Suppose -17 = -2*w + y - p, 3*w - 37 = 5*y. Suppose -5*f + 8 = z, -w*z + 0*f + 32 = f. What is the units digit of z?
8
Let a(x) = -x**3 - x + 3. Let w be a(-3). Suppose 5*g - w - 7 = 0. What is the units digit of g?
8
Let y(r) = r**2 + 6*r + 5. Let w be y(-4). What is the tens digit of -4 - w - 1 - -13?
1
Suppose x = 4*j + 1, 0 = -0*x - x + j + 4. Suppose -s = 5*r + 16, r - x*r - 28 = -3*s. Let t = s - 0. What is the units digit of t?
4
Let g(i) be the third derivative of i**6/120 + 7*i**5/60 - i**4/12 - 2*i**3/3 - 3*i**2. Suppose 3*f - 5 = -26. What is the units digit of g(f)?
0
Let s(i) be the third derivative of 1/6*i**4 + 0 + 1/2*i**3 + 0*i + 1/60*i**5 + i**2. What is the units digit of s(-5)?
8
Suppose 2*g - g - 3 = 0. Suppose k + 10 = g*k. What is the units digit of k?
5
Let i = -13 - -3. Let x be 5*((-24)/i)/4. What is the units digit of (2 - x)/((-5)/85)?
7
Suppose -5*z - 3*g = 3, 2*z - 14 = -5*g - 0*g. What is the units digit of (3/3)/(z/(-21))?
7
Let b = 88 - 6. What is the units digit of b?
2
Suppose 3*w - 8*w - 45 = -5*k, 2*w + 8 = 0. Suppose 38 = k*x - 22. What is the units digit of x?
2
Let o be (2*-1)/(4/14). What is the tens digit of 136/14 - 2/o?
1
What is the units digit of (-2)/9 - 1210/(-99)?
2
Suppose 2*b - 5 = -1. What is the units digit of b?
2
Suppose -g - 5*x + 22 = 0, -4*g + 4*x - 4 = x. Suppose -2*q = g*q + 72. What is the units digit of (q/(-4))/(5/10)?
9
Let p = -18 + 30. Suppose d = 4*d - p. Suppose -d*i + 28 = 4. What is the units digit of i?
6
What is the tens digit of (-2)/7 + (-41366)/(-182)?
2
Suppose -24 = -4*h + 2*h. What is the tens digit of -3*(-80)/h + 2?
2
Let g be 40/6*(-9)/(-6). Let r = g - -9. What is the tens digit of r?
1
Let p(k) = -k**2 - k**3 + 0*k**3 - 10*k**3. Let q be p(-1). Suppose -14 = -4*c + q. What is the units digit of c?
6
Suppose -4*a + 2*o = -18, -5*o + 0*o - 5 = -2*a. Suppose -a*u + 3*r = -25, 2*u + r = 3*r + 14. Suppose 6*p = u*p + 20. What is the units digit of p?
5
Let c(d) = d**3 - d**2. Let z(y) = -3*y**3 + 4*y**2 + 2*y - 2. Let r(o) = 2*c(o) + z(o). Let m be 1 + 4 - (4 + -1). What is the units digit of r(m)?
2
Suppose 0 = 5*z - 2*z - 72. What is the units digit of z?
4
Let i(m) be the first derivative of m**3/3 + m**2 + 3*m + 2. What is the tens digit of i(3)?
1
What is the units digit of (-2540)/15*(-12)/16?
7
Let p = 8 - 2. Let z(c) = 2*c**2 - 8*c - 10. Let a(m) = -3*m**2 + 12*m + 15. Let f(q) = 5*a(q) + 8*z(q). What is the units digit of f(p)?
7
Suppose -5*a - 3*o + 28 = 0, 3*a + a - 21 = -o. Suppose -3*x + 3*u + a = x, 3 = x + u. Let z = x - -1. What is the units digit of z?
3
Suppose -2*a + 433 = 4*n - 3*a, -n = -5*a - 94. Suppose 3*g - n + 1 = 0. What is the tens digit of g?
3
Let x be (2/(-6))/((-3)/(-27)). What is the units digit of x/(-2)*(-44)/(-6)?
1
Let y = 20 - 14. Suppose 0 = 4*g - y - 18. Suppose 5*q = 3*k - 5, -4*k = -g*k - 3*q + 16. What is the units digit of k?
5
Suppose -4*t - 4*w = 3 - 59, -41 = -3*t - 2*w. What is the tens digit of t?
1
Let k(n) = n + 7. Let t(a) = 7*a**2 - 1. Let c be t(-1). What is the units digit of k(c)?
3
Let k(h) = 2*h**3 + 5*h**2 + 5*h. Let f be k(-2). Let n = f - -15. What is the units digit of n